e factors of 103605?
3, 5, 6907
What are the prime factors of 5912472?
2, 3, 23, 10711
List the prime factors of 1321001.
11, 120091
What are the prime factors of 1380636?
2, 3, 38351
List the prime factors of 795186.
2, 3, 7, 6311
What are the prime factors of 1876635?
3, 5, 13901
List the prime factors of 20782053.
3, 2309117
What are the prime factors of 123906?
2, 3, 107, 193
What are the prime factors of 4201272?
2, 3, 23, 43, 59
What are the prime factors of 46925?
5, 1877
What are the prime factors of 1659?
3, 7, 79
What are the prime factors of 1058576?
2, 66161
What are the prime factors of 688188?
2, 3, 57349
List the prime factors of 3673342.
2, 67, 79, 347
What are the prime factors of 203413?
7, 29059
List the prime factors of 2806418.
2, 523, 2683
What are the prime factors of 158860?
2, 5, 13, 47
What are the prime factors of 10653793?
193, 55201
List the prime factors of 13719399.
3, 4573133
What are the prime factors of 1093744?
2, 197, 347
List the prime factors of 462616.
2, 7, 11, 751
List the prime factors of 1453191.
3, 484397
What are the prime factors of 6563?
6563
List the prime factors of 2291924.
2, 421, 1361
What are the prime factors of 343181?
113, 3037
What are the prime factors of 2557567?
2557567
What are the prime factors of 8099843?
8099843
List the prime factors of 219008.
2, 29, 59
What are the prime factors of 6015061?
13, 462697
List the prime factors of 8712797.
37, 181, 1301
What are the prime factors of 13627670?
2, 5, 7, 194681
List the prime factors of 3063221.
7, 59, 7417
What are the prime factors of 141462?
2, 3, 29, 271
List the prime factors of 303594.
2, 3, 50599
What are the prime factors of 27263493?
3, 107, 9437
What are the prime factors of 188586?
2, 3, 10477
What are the prime factors of 8060273?
13, 739, 839
What are the prime factors of 641047?
11, 101, 577
List the prime factors of 6276765.
3, 5, 11, 109, 349
What are the prime factors of 14776189?
23, 47, 13669
What are the prime factors of 637356?
2, 3, 53113
What are the prime factors of 2020299?
3, 251, 2683
List the prime factors of 252021.
3, 7, 11, 1091
What are the prime factors of 6733221?
3, 11, 211, 967
List the prime factors of 3311930.
2, 5, 227, 1459
What are the prime factors of 11995633?
13, 922741
List the prime factors of 2882089.
7, 411727
List the prime factors of 126462.
2, 3, 7, 3011
What are the prime factors of 132031?
19, 6949
List the prime factors of 22802428.
2, 11, 518237
What are the prime factors of 1859502?
2, 3, 79, 3923
List the prime factors of 152390.
2, 5, 7, 311
What are the prime factors of 1321634?
2, 660817
List the prime factors of 145022.
2, 59, 1229
What are the prime factors of 5700800?
2, 5, 7, 509
What are the prime factors of 657851?
31, 21221
List the prime factors of 147248.
2, 9203
List the prime factors of 1465720.
2, 5, 36643
List the prime factors of 187894.
2, 7, 13421
List the prime factors of 12595778.
2, 13, 239, 2027
What are the prime factors of 10326520?
2, 5, 53, 4871
What are the prime factors of 3238858?
2, 7, 231347
What are the prime factors of 965245?
5, 71, 2719
What are the prime factors of 859316?
2, 17, 12637
What are the prime factors of 22261650?
2, 3, 5, 148411
What are the prime factors of 29750?
2, 5, 7, 17
What are the prime factors of 117665?
5, 101, 233
What are the prime factors of 4402462?
2, 59, 37309
What are the prime factors of 459678?
2, 3, 23, 3331
What are the prime factors of 6515055?
3, 5, 144779
List the prime factors of 2932847.
47, 62401
List the prime factors of 2476425.
3, 5, 7, 53, 89
What are the prime factors of 191059?
11, 1579
List the prime factors of 11749512.
2, 3, 79, 6197
List the prime factors of 1385358.
2, 3, 13, 17761
List the prime factors of 13878858.
2, 3, 7, 47207
List the prime factors of 1209294.
2, 3, 23, 127
What are the prime factors of 13955548?
2, 3488887
What are the prime factors of 234493?
7, 139, 241
What are the prime factors of 695289?
3, 7, 113, 293
List the prime factors of 544621.
7, 11, 643
List the prime factors of 296818.
2, 19, 73, 107
What are the prime factors of 13435020?
2, 3, 5, 101, 739
List the prime factors of 157357.
53, 2969
What are the prime factors of 2642393?
13, 29, 43, 163
List the prime factors of 701228.
2, 11, 15937
What are the prime factors of 947213?
661, 1433
List the prime factors of 13500823.
7, 5623
List the prime factors of 1177296.
2, 3, 24527
What are the prime factors of 1397582?
2, 263, 2657
List the prime factors of 954185.
5, 190837
What are the prime factors of 622025?
5, 139, 179
List the prime factors of 5778321.
3, 47, 107, 383
What are the prime factors of 2954151?
3, 12157
List the prime factors of 7932676.
2, 17, 116657
List the prime factors of 304790.
2, 5, 29, 1051
List the prime factors of 6371155.
5, 7, 29, 6277
List the prime factors of 226412.
2, 23, 107
What are the prime factors of 11203563?
3, 7, 37, 14419
List the prime factors of 4139870.
2, 5, 7, 59141
What are the prime factors of 423566?
2, 11, 13, 1481
What are the prime factors of 6799?
13, 523
List the prime factors of 9298284.
2, 3, 774857
What are the prime factors of 1065439?
31, 34369
What are the prime factors of 119669?
11, 23, 43
What are the prime factors of 4064785?
5, 17, 29, 97
List the prime factors of 250282.
2, 125141
What are the prime factors of 211040?
2, 5, 1319
List the prime factors of 214961.
103, 2087
What are the prime factors of 4037736?
2, 3, 37, 4547
What are the prime factors of 92146?
2, 46073
List the prime factors of 2074763.
211, 9833
What are the prime factors of 19111721?
37, 131, 3943
List the prime factors of 388697.
388697
What are the prime factors of 10951963?
11, 37, 71, 379
List the prime factors of 3125441.
11, 284131
What are the prime factors of 2372596?
2, 593149
List the prime factors of 29627631.
3, 11, 19, 829
What are the prime factors of 4569863?
107, 42709
What are the prime factors of 1817197?
1817197
What are the prime factors of 108822?
2, 3, 7, 2591
List the prime factors of 445311.
3, 16493
What are the prime factors of 3639492?
2, 3, 47, 239
What are the prime factors of 3032753?
1069, 2837
What are the prime factors of 24895174?
2, 17, 732211
List the prime factors of 1956526.
2, 11, 13, 6841
What are the prime factors of 2675846?
2, 19, 67, 1051
What are the prime factors of 6109?
41, 149
What are the prime factors of 13816061?
7, 1973723
What are the prime factors of 1743447?
3, 581149
What are the prime factors of 71744?
2, 19, 59
What are the prime factors of 4799452?
2, 7, 47, 521
What are the prime factors of 67039?
7, 61, 157
What are the prime factors of 112897?
17, 29, 229
List the prime factors of 13175976.
2, 3, 11, 29, 1721
List the prime factors of 10099219.
13, 47, 16529
What are the prime factors of 158099?
19, 53, 157
What are the prime factors of 234751?
11, 21341
List the prime factors of 74145.
3, 5, 4943
What are the prime factors of 4346448?
2, 3, 23, 31, 127
What are the prime factors of 975874?
2, 409, 1193
What are the prime factors of 8555934?
2, 3, 107, 13327
What are the prime factors of 6957987?
3, 41, 56569
What are the prime factors of 2084982?
2, 3, 17, 20441
What are the prime factors of 1810321?
53, 34157
What are the prime factors of 2099647?
11, 23, 43, 193
List the prime factors of 446760.
2, 3, 5, 17, 73
What are the prime factors of 144360?
2, 3, 5, 401
What are the prime factors of 120591?
3, 13399
What are the prime factors of 58206?
2, 3, 89, 109
List the prime factors of 138785.
5, 41, 677
What are the prime factors of 8338405?
5, 1117, 1493
What are the prime factors of 141091?
199, 709
List the prime factors of 23158576.
2, 7, 109, 271
List the prime factors of 316279.
359, 881
What are the prime factors of 6811053?
3, 937, 2423
What are the prime factors of 5640225?
3, 5, 157, 479
What are the prime factors of 20018101?
20018101
What are the prime factors of 639286?
2, 37, 53, 163
List the prime factors of 7097302.
2, 71, 151, 331
List the prime factors of 503814.
2, 3, 83969
List the prime factors of 52200.
2, 3, 5, 29
What are the prime factors of 100011?
3, 17, 37, 53
List the prime factors of 823134.
2, 3, 13, 61, 173
What are the prime factors of 994300?
2, 5, 61, 163
List the prime facto